 = 0, j + r*j - 105 = -4*l. What is the remainder when j is divided by 11?
2
Let c = -34 - -36. Suppose -c*h - 315 = -7*h. What is the remainder when h is divided by 33?
30
Let r = -87 - -96. What is the remainder when 84 is divided by r?
3
Suppose -d = -k - 155, 0 = -5*d - 0*d + k + 755. Calculate the remainder when d is divided by 11.
7
Suppose -7*z - 214 = -1138. What is the remainder when z is divided by 42?
6
Let g = 34 - 21. What is the remainder when 88 is divided by g?
10
Let w = -32 - -35. Suppose 0 = -5*c - 5*j + 45, c + j = -w*c + 33. Calculate the remainder when 10 is divided by c.
2
Suppose g = -4 - 17. Let j be 82/6*g/(-7). Let p = j + -21. What is the remainder when 37 is divided by p?
17
Let l(d) = d**2 - d**2 + 2*d**2 + 4*d - 9 - 2*d. Calculate the remainder when l(4) is divided by 8.
7
Let m be 7/(-9) + (21/27 - 1). Calculate the remainder when m + 2/(-3)*(3 + -48) is divided by 19.
10
Suppose -6 = 2*v - 3*b, -2*v - 3 + 1 = -b. Suppose -t + v = -5. Let n = 24 + -15. What is the remainder when n is divided by t?
4
Suppose -3*g + 0*g = -2*y - 111, 5*y + 4*g + 243 = 0. Let q = -26 - y. Calculate the remainder when 96 is divided by q.
21
Suppose 4*n - 28 = -4*z, n + 0*n - 2*z = -5. Suppose -1 = f, n*q + 5*f + 1 = 23. What is the remainder when (-142)/(-4) - 2/4 is divided by q?
8
Let z = -470 - -506. What is the remainder when 226 is divided by z?
10
What is the remainder when 239 is divided by (-1 - -7) + (-5 + -16)/(-7)?
5
Let y(k) = k**3 - 5*k**2 + 7*k - 1. Let n = -6 - -12. Let u(i) = -9*i**2 - 83*i + 2. What is the remainder when y(n) is divided by u(-9)?
17
Let w(y) = 5*y**3 + 27*y**2 + 8*y - 1. Calculate the remainder when 26 is divided by w(-5).
8
Let j(h) = -6*h**3 - h**2 - h + 2. Let q be -2 + 6/9 - (-4)/(-6). Calculate the remainder when j(q) is divided by 19.
10
Suppose -88*q + 3148 = -84*q. Calculate the remainder when q is divided by 22.
17
Let n(b) = 2*b + 19. Suppose -3 = -3*d, q + d - 2*d + 6 = 0. Calculate the remainder when 12 is divided by n(q).
3
Let m be ((-140)/6)/(6/(-9)). Let o = m + 16. What is the remainder when o is divided by (2 + -28)/(-1*1)?
25
Suppose 5*v + 240 = 7*v. Let s be ((-24)/30)/((-2)/v). Suppose 2*c - 28 = -3*w, 3*c + 2*w - s = -c. Calculate the remainder when 40 is divided by c.
7
Suppose 7*y - 9 = -2*p + 4*y, -p + 4*y + 10 = 0. Suppose 2*s = 2 + p. What is the remainder when 7 is divided by s?
3
What is the remainder when 154 is divided by (15 + -1)*(9 - 7)?
14
Let y(r) = 3*r**2 + r - 6. Let z be y(7). Suppose -4*m + z = 4*a, -2*m + 9 = a - 28. What is the remainder when a is divided by (2/(-3))/((-6)/117)?
11
Suppose 140 = 2*p - 150. Let z(g) = -2*g - 2*g**3 + 145*g**2 - 1 - p*g**2. Calculate the remainder when 74 is divided by z(-2).
17
Let z be 14/(-35) + 44/10. Let w be 1*(-3 - (7 - z)). Let f = w + 16. Calculate the remainder when 38 is divided by f.
8
Let j(h) = -h**3 + 4*h**2 + 6*h - 17. Let c be j(6). Let f = c + 80. What is the remainder when f is divided by 14?
13
Suppose 3*d - 5*q + 10*q = 78, 3*q + 40 = d. Let k = d - 7. Calculate the remainder when k is divided by 6/3 + (-11)/(-1).
11
Let w be (-4)/(-26) + -3 + (-1174)/26. Let o = w + 89. Calculate the remainder when 162 is divided by o.
39
Suppose -4*p - f = -13, 2*f = -1 + 3. Let g = -138 + 172. Calculate the remainder when g is divided by 40/p + 3/(-9).
8
Let d be 154 - (-6)/((0 - 0) + -2). Let c = -85 + d. Calculate the remainder when c is divided by 34.
32
Let f(o) = -o**3 + 16*o**2 - o + 26. Let b(d) = -12*d + 4. Let h be b(-1). Calculate the remainder when 17 is divided by f(h).
7
Let j = -11 + 9. What is the remainder when ((-21)/6 + 2)/(j/128) is divided by 33?
30
Suppose 4*a = -0*a + 20. Suppose 0*b + a*b = -10. What is the remainder when (99/27)/(b/(-30)) is divided by 29?
26
Let q(o) = -7*o + 11. What is the remainder when q(-27) is divided by 6?
2
Let q = -928 - -943. What is the remainder when 111 is divided by q?
6
Let v(r) = -r**3 - 3*r**2 + 7*r - 7. Let i = 778 + -748. Calculate the remainder when v(-6) is divided by i.
29
Suppose 2*q + 0*q = 5*a + 77, 0 = q + 2*a - 16. Let s(c) = 18*c - 517. What is the remainder when s(43) is divided by q?
23
Let g(y) = -32*y - 1. Suppose 0 = 3*w - 3*v - 1 - 2, 3*v + 23 = -2*w. Let z = -5 - w. Calculate the remainder when g(z) is divided by 16.
15
Suppose 0 = n - 5*z + 22, -4*n = 2*z - 0*z - 22. What is the remainder when (-6)/n + (-20)/(-1) is divided by 4?
2
Let p(h) = h**3 + 5*h**2 - h - 7. Let m be p(-5). Let v be 50*((-5)/m + -1). Suppose -2*r = 3*r - v. What is the remainder when 43 is divided by r?
13
Suppose x + 35 = 5*y, 4*y - 21 = y + 3*x. Suppose y*h - 246 = 629. Calculate the remainder when h is divided by 63.
62
Let m(i) = i**2 + 7*i - 24. Let n be m(9). Suppose 12 = -27*y + n. Calculate the remainder when (10 - 0) + 1 - 0 is divided by y.
3
Let z be 6 + (-2 - 1) + 13. Suppose 13 = h - 9. Let d = h - z. What is the remainder when 23 is divided by d?
5
Suppose -5*c = -12 - 123. Calculate the remainder when c is divided by 1 - 4/((-8)/22).
3
Let t be (-24)/(-72)*17*(-2 - 1). Let x(j) = -j**3 - 18*j**2 - 22*j - 13. What is the remainder when x(t) is divided by 20?
12
Suppose 3*b + 2*s - 11 = 20, -22 = -2*b - s. Suppose 0*p - 5*p - 60 = 0. Let v = -9 - p. Calculate the remainder when b is divided by v.
1
Suppose -96 = -0*i - i + 4*f, 5*f = 0. Suppose 366 - i = 3*y. Calculate the remainder when y is divided by 31.
28
Let z(d) = 2*d**2 + 18*d + 2. What is the remainder when (-15)/(-9)*(1 + 2) is divided by z(-9)?
1
Let q = -37 - -47. What is the remainder when 48 is divided by q?
8
Let p(d) = -d**2 - 23*d + 240. Calculate the remainder when 2008 is divided by p(7).
28
Suppose -4*y + 103 = -77. Let k(a) = -4*a + 4. What is the remainder when y is divided by k(-2)?
9
Let n(r) = 6*r - 84. Calculate the remainder when 70 is divided by n(18).
22
Let k(i) = 13 - 5*i + 14*i - 3*i - 5*i. Suppose 2*n + 12 = -0*n. Calculate the remainder when 12 is divided by k(n).
5
Let m = -1 - -60. Let i = -22 + m. Calculate the remainder when i is divided by 20.
17
Let n(w) = -w**3 - 30*w**2 - 84*w - 62. What is the remainder when n(-27) is divided by 11?
8
Suppose 2*a - 15 + 3 = 0. What is the remainder when (-64)/(-4) - (2 + -1) is divided by a?
3
Let x = 464 - 402. What is the remainder when 116 is divided by x?
54
Suppose -2*m = -5*h + 26, 0*m - 3*m = -h. Calculate the remainder when (-288)/(-21) + (-6)/(-21) is divided by h.
2
Let w = 80 + -64. Calculate the remainder when 30 is divided by w.
14
Let r(v) = -33*v**3 - 3*v**2 - 2*v. What is the remainder when r(-1) is divided by 15/(-6)*66/(-15)?
10
Suppose -27*y + 19*y = -776. Let a = -44 + 64. Calculate the remainder when y is divided by a.
17
Let t = 584 - 549. What is the remainder when t is divided by 19?
16
Suppose -t - 12 = t. Let m be (6/(-4))/(t/12). Suppose -3 = m*w - 6*w. Calculate the remainder when 2 is divided by w.
0
What is the remainder when (1 - -186)*3*5/15 is divided by 35?
12
Let k(s) = 9 - 12 + s**2 + 0*s + 2*s. Let l be k(2). Suppose l*o = 215 + 105. What is the remainder when o is divided by 22?
20
Let n be ((-120)/70)/((-4)/14). Suppose 2*y + 156 = n*y. Calculate the remainder when 77 is divided by y.
38
Suppose -3*t + 56 = -4*o - 6, -4 = -4*o. Calculate the remainder when 568 is divided by t.
18
Let d(y) = y**3 - 10*y**2 - 13*y + 20. Let k be d(11). Let j(u) = -6*u + 6. Calculate the remainder when 28 is divided by j(k).
10
Let f = 1113 + -761. Suppose -2 = -6*b + f. What is the remainder when b is divided by 31?
28
Suppose -17 = 2*w - 337. What is the remainder when 50 is divided by w/12 + (-1)/3?
11
Let n = -169 - -420. What is the remainder when n is divided by 51?
47
Let p(l) = -3 - 4 + l**2 - 2*l - 8*l. Calculate the remainder when 31 is divided by p(12).
14
Let t(m) = m**3 - 2*m**2 - m + 5. Let r(v) = -13*v + 11*v**3 - 15*v**3 - 10 + 3*v**3 - 3*v**2 - 3*v**2. What is the remainder when r(-7) is divided by t(4)?
31
Suppose 2*d + 541 = 3*z - 0*d, -4*d = -4*z + 716. Calculate the remainder when z is divided by 31.
28
Let c = 99 + -7. Let r = c - 13. What is the remainder when r is divided by 40?
39
Suppose 147 = 5*g - 2*c, 2*c - 78 = -2*g - 2*c. Suppose -g*f + 46 = -29*f. Calculate the remainder when 